tor of 3405060?
False
Is 40 a factor of 6172720?
True
Does 411 divide 867890?
False
Is 4805 a multiple of 2?
False
Does 80 divide 81280?
True
Does 3 divide 1962908?
False
Is 162 a factor of 10018699?
False
Does 33 divide 85498?
False
Is 656082 a multiple of 889?
True
Does 195 divide 642654?
False
Is 41 a factor of 78829?
False
Is 150078 a multiple of 123?
False
Does 12 divide 14546?
False
Does 35 divide 336140?
True
Does 40 divide 683760?
True
Is 1995084 a multiple of 377?
True
Is 65 a factor of 1745503?
False
Does 121 divide 359205?
False
Is 1542 a multiple of 163?
False
Is 122496 a multiple of 264?
True
Does 109 divide 32277?
False
Is 22 a factor of 753375?
False
Is 16327 a multiple of 9?
False
Is 114 a factor of 10161786?
False
Is 1986524 a multiple of 439?
False
Does 1041 divide 2374271?
False
Is 11235973 a multiple of 14?
False
Does 26 divide 1394926?
True
Does 338 divide 910347?
False
Is 14 a factor of 11189430?
True
Is 1642665 a multiple of 294?
False
Is 3965319 a multiple of 57?
True
Does 15 divide 1661310?
True
Is 113 a factor of 70286?
True
Is 115720 a multiple of 10?
True
Does 13 divide 3061799?
True
Does 3 divide 111592?
False
Is 20 a factor of 73840?
True
Does 9 divide 4809124?
False
Is 130 a factor of 552792?
False
Is 2451353 a multiple of 26?
False
Does 10 divide 593450?
True
Is 119903 a multiple of 293?
False
Is 779030 a multiple of 434?
True
Does 30 divide 332640?
True
Is 4719064 a multiple of 14?
True
Is 62 a factor of 1136708?
True
Does 16 divide 588176?
True
Is 106296 a multiple of 9?
False
Does 6 divide 1913436?
True
Does 7 divide 1118583?
False
Is 839153 a multiple of 1096?
False
Is 137 a factor of 580880?
True
Does 10 divide 20858487?
False
Is 21478204 a multiple of 1837?
True
Is 882288 a multiple of 792?
True
Is 246145 a multiple of 95?
True
Does 488 divide 2017392?
True
Is 414853 a multiple of 13?
False
Does 344 divide 6144184?
True
Is 10 a factor of 31390?
True
Does 110 divide 17135910?
True
Is 10710 a multiple of 28?
False
Does 42 divide 4632936?
True
Does 48 divide 1300224?
True
Is 1943 a factor of 14267665?
False
Is 102 a factor of 2346518?
False
Does 1185 divide 9587835?
True
Is 579676 a multiple of 123?
False
Is 14 a factor of 202258?
True
Is 2260308 a multiple of 45?
False
Is 74 a factor of 4634618?
False
Is 9963216 a multiple of 12?
True
Is 22 a factor of 46214?
False
Is 506147 a multiple of 362?
False
Is 342 a factor of 152074?
False
Is 3314904 a multiple of 37?
True
Is 2286174 a multiple of 1551?
True
Is 324012 a multiple of 52?
True
Does 12 divide 169584?
True
Is 102600 a multiple of 180?
True
Is 2564108 a multiple of 269?
True
Is 164 a factor of 264204?
True
Is 80 a factor of 731231?
False
Does 28 divide 6990256?
True
Is 208 a factor of 2127074?
False
Does 56 divide 52528?
True
Is 70 a factor of 793153?
False
Is 25 a factor of 7068040?
False
Is 27 a factor of 95688?
True
Does 313 divide 671486?
False
Does 111 divide 206238?
True
Is 12 a factor of 2893614?
False
Is 902816 a multiple of 56?
False
Does 17 divide 60927?
False
Is 35 a factor of 222845?
True
Is 59 a factor of 474301?
True
Does 226 divide 11613?
False
Is 91 a factor of 126672?
True
Is 249 a factor of 3021063?
False
Does 285 divide 83505?
True
Does 174 divide 575563?
False
Is 345 a factor of 4270755?
True
Does 118 divide 2178988?
True
Is 174 a factor of 48546?
True
Does 10 divide 160540?
True
Is 79 a factor of 18169507?
False
Is 370 a factor of 142450?
True
Does 65 divide 1584375?
True
Does 17 divide 5370338?
False
Is 42852 a multiple of 4?
True
Does 10 divide 10706670?
True
Does 5 divide 375556?
False
Does 7 divide 812163?
False
Does 125 divide 1138500?
True
Is 896247 a multiple of 18?
False
Is 263617 a multiple of 19?
False
Does 41 divide 2107195?
True
Does 122 divide 231467?
False
Is 1667452 a multiple of 468?
False
Is 344406 a multiple of 366?
True
Is 156476 a multiple of 77?
False
Is 66612 a multiple of 61?
True
Does 140 divide 428035?
False
Does 182 divide 5983200?
False
Is 226217 a multiple of 241?
False
Does 245 divide 492297?
False
Is 4019530 a multiple of 151?
False
Is 14071 even?
False
Is 1108 a factor of 1452588?
True
Does 38 divide 1350672?
True
Does 12 divide 15000134?
False
Is 117 a factor of 7746921?
True
Is 1201314 a multiple of 41?
False
Is 20 a factor of 27520?
True
Is 25 a factor of 581025?
True
Is 209 a factor of 5904250?
True
Is 74 a factor of 371076?
False
Does 36 divide 398016?
True
Is 45 a factor of 9772065?
True
Is 159 a factor of 2007534?
True
Is 845182 a multiple of 3?
False
Is 1898890 a multiple of 58?
False
Does 55 divide 1593658?
False
Does 49 divide 5535253?
False
Is 2450784 a multiple of 336?
True
Is 16657 a multiple of 3?
False
Is 172 a factor of 269967?
False
Is 1300999 a multiple of 42?
False
Is 15 a factor of 1123620?
True
Is 1965274 a multiple of 217?
False
Is 81955 a multiple of 185?
True
Is 48 a factor of 123267?
False
Is 98 a factor of 327855?
False
Does 9 divide 390960?
True
Does 22 divide 229306?
True
Is 1111992 a multiple of 242?
False
Does 12 divide 82404?
True
Is 65 a factor of 67299?
False
Is 25371 a multiple of 417?
False
Is 4171534 a multiple of 193?
False
Does 196 divide 496272?
True
Is 8813192 a multiple of 86?
False
Does 10 divide 66250?
True
Does 1703 divide 9943817?
True
Is 16 a factor of 106448?
True
Does 207 divide 577974?
False
Is 24 a factor of 1437270?
False
Is 2450950 a multiple of 98?
False
Is 10 a factor of 161000?
True
Is 26308 a multiple of 5?
False
Is 280201 a multiple of 68?
False
Is 47 a factor of 334231?
False
Does 3 divide 40527?
True
Is 281 a factor of 111838?
True
Is 4353361 a multiple of 475?
False
Does 14 divide 13070?
False
Does 12 divide 209268?
True
Is 888 a factor of 1412808?
True
Does 6 divide 56048?
False
Is 36136 a multiple of 13?
False
Is 217 a factor of 1138576?
False
Does 29 divide 146509?
False
Is 30 a factor of 6985560?
True
Is 2461914 a multiple of 91?
True
Is 84 a factor of 5270328?
True
Is 53 a factor of 1747357?
True
Does 47 divide 509151?
True
Is 318 a factor of 1626888?
True
Does 485 divide 1579253?
False
Does 28 divide 411740?
True
Is 1095582 a multiple of 46?
True
Does 92 divide 3854340?
True
Is 288 a factor of 799488?
True
Is 239623 a multiple of 109?
False
Does 41 divide 157622?
False
Is 1363064 a multiple of 312?
False
Is 922 a factor of 7463953?
False
Is 175513 a multiple of 299?
True
Is 11 a factor of 201784?
True
Is 39 a factor of 170295?
False
Is 7 a factor of 102886?
True
Does 203 divide 42748?
False
Is 1435256 a multiple of 8?
True
Is 4 a factor of 4418107?
False
Is 17 a factor of 184059?
True
Does 7 divide 340004?
True
Is 1209552 a multiple of 446?
True
Is 280440 a multiple of 118?
False
Is 180 a factor of 65340?
True
Does 96 divide 408672?
True
Is 42686263 a multiple of 1332?
False
Does 1046 divide 3489848?
False
Is 1713202 a multiple of 194?
False
Does 22 divide 10087521?
False
Is 16 a factor of 93449?
False
Does 17 divide 7475155?
True
Is 4 a factor of 372877?
False
Is 57 a factor of 6717?
False
Does 158 divide 38752?
False
Does 248 divide 41416?
True
Does 89 divide 283459?
False
Is 48 a factor of 11207?
False
Is 545 a factor of 1174475?
True
Does 599 divide 3914465?
True
Does 5 divide 521765?
True
Does 611 divide 3280459?
True
Does 15 divide 254354?
False
Does 4 divide 25178?
False
Does 7 divide 12964?
True
Is 4467830 a multiple of 815?
True
Is 2411539 a multiple of 103?
True
Is 6 a factor of 6701850?
True
Is 246669 a multiple of 22?
False
Does 191 divide 24002779?
True
Does 32 divide 6606336?
True
Is 65178 a multiple of 9?
True
Is 807132 a multiple of 57?
False
Is 85848 a multiple of 84?
True
Is 48362 a multiple of 209?
False
Does 3 divide 68920?
False
Is 70 a factor of 1292542?
False
Is 413 a factor of 837564?
True
Is 24 a factor of 357438?
False
Is 6209085 a multiple of 711?
False
Is 1302993 a multiple of 9?
True
Does 40 divide 321760?
True
Does 67 divide 7850859?
True
Is 145228 a multiple of 47?
False
Does 35 divide 49735?
True
Is 11 a factor of 45028?
False
Does 117 divide 269315?
False
Is 669156 a multiple of 5?
False
Is 103 a factor of 469277?
False
Is 56831 a multiple of 671?
False
Is 588 a factor of 3254173?
False
Does 1013 divide 7037311?
True
Is 30 a factor of 60367?
False
Is 438 a factor of 57378?
True
Is 212 a factor of 20800